2 + 5).
1
What is -9 + -1 - (3 + -7)?
-6
Calculate -5 - (13 - 6 - 18).
6
Calculate -2 + 8 - (-9 - -11).
4
Calculate -4 + 1 + -1 - -1.
-3
Evaluate (-1 - -5) + (-8 - -20) + -17.
-1
Evaluate -5 - (3 - 5) - 4.
-7
What is the value of 3 + -3 + (-3 - (-6 - 1))?
4
What is the value of 0 + 3 - (2 - (2 - 0))?
3
3 + (5 - ((-10 - -8) + 0))
10
Calculate -4 - (-11 + 3) - (6 - 3).
1
What is 6 + (5 - (-4 + 10))?
5
What is 1 + -2 + 0 + (3 - 4)?
-2
What is the value of (-4 - 1) + (46 - 45)?
-4
What is 8 - 2 - 9 - -3?
0
-5 + 0 + -2 + 2 + 3
-2
What is the value of (-1 - 13) + 4 + (3 - -3)?
-4
What is the value of -7 + (9 - 4) + 6?
4
What is -3 + 0 + -7 + 8?
-2
What is (-4 - (-1 - -3 - 3)) + 5?
2
Evaluate 4 + (0 - 2) + -2 + 5.
5
Evaluate -29 + 28 - (1 - 1).
-1
What is -30 - -30 - (2 - -5)?
-7
Evaluate 3 - 0 - (4 + 7 + -13).
5
(0 - 3) + (-5 - (4 + -10))
-2
Calculate 1 + -1 + -1 - (-3 - -3).
-1
What is the value of 3 - -2 - (6 + 0)?
-1
Evaluate -2 + -4 - (5 - 6 - 3).
-2
-6 + (-6 - -20) + -4 - 3
1
2 - (-4 - 6) - (12 - 7)
7
What is -19 + 18 - (-1 - 3)?
3
What is 0 - 2 - (-3 - -5 - 0)?
-4
Evaluate -7 - (0 + 4 - 7).
-4
-1 + 0 + -3 + 0 + 3
-1
What is the value of -3 - (-2 - (3 + 1))?
3
Calculate 10 + -4 + (2 - 3) - -1.
6
What is the value of -1 + -18 + 12 + (13 - -1)?
7
Evaluate -2 + (-2 - 0) - (11 + -12).
-3
What is the value of (6 - (12 + -5)) + 9?
8
What is the value of 1 + -4 + (-5 - -1 - -3)?
-4
What is -5 + 14 + (4 - 8) + 0?
5
Calculate -4 - (4 - (-1 - -1)) - -5.
-3
What is 7 - (8 + -7 - -6)?
0
Calculate 8 - (4 - (3 + -10)).
-3
-2 - (3 - (4 - -5))
4
What is 6 + 1 + (-10 - (18 - 26))?
5
(-12 - (2 + -13)) + 9
8
Calculate 0 + (3 - -1) + -4.
0
Calculate -2 + 3 + -9 + (8 - 4).
-4
What is the value of -9 + (4 - -4) + 3?
2
Evaluate -3 - -1 - (0 - 6) - 5.
-1
Calculate -4 - (6 + (3 - 9) - 2).
-2
What is (-2 - (-8 - -4)) + 1 + 0?
3
4 - (10 + -7 + -2)
3
Calculate 2 - -3 - (-2 + 4 + 0).
3
Evaluate -3 + (3 - (-1 - 1)).
2
What is 0 + (1 - 5) + 0 + -6?
-10
What is 4 - (-7 - -4) - (1 - -2)?
4
What is -4 - (4 + -10 - 2)?
4
Calculate 0 + -3 - (4 - (8 - -3)).
4
-1 - (-2 - (1 + -7))
-5
Evaluate 0 - (5 + 1 + -9).
3
What is 5 + (1 - 9) + -10 + 13?
0
((2 - 7) + -5 - -6) + -3
-7
What is 4 + -1 + 0 + 1 + -8?
-4
Evaluate -5 + 15 + (-8 - -3).
5
7 + (-6 - (1 + 1))
-1
Calculate 1 + 1 + -2 + 1.
1
What is 12 - 6 - (-2 - -8)?
0
What is 2 - (-1 + 6) - (26 + -29)?
0
What is -4 + -1 + -7 + 5?
-7
Calculate 0 - (-3 + 16 + -3).
-10
Evaluate (-4 + -1 - -6) + 0.
1
Evaluate -1 + 1 + (5 - 4).
1
What is -2 + -4 + 5 + (-5 - -1)?
-5
-7 - (-7 + (-4 - -8) + 0)
-4
What is the value of (-1 - ((-1 - -7) + -2)) + 2?
-3
-1 - (12 - 4) - -7
-2
What is -61 - -60 - (6 - 2)?
-5
9 + -5 - (-2 + (3 - 0))
3
What is -10 - (3 + -6 + 1) - -3?
-5
9 - (-4 - -8) - 5
0
What is -3 - -2 - (1 - 2 - -1)?
-1
Calculate 6 + (9 - 8 - (-3 - -3)).
7
Calculate -23 - -15 - (-7 + 5).
-6
-21 - -20 - (0 + 2 - -2)
-5
What is 1 + (3 - 2) + 0 + 1?
3
Evaluate -1 + 3 - -2 - (-7 + 7).
4
Evaluate 6 + -5 + 5 + -5.
1
Calculate (7 - (2 - 1)) + (-47 - -31).
-10
1 + (0 - (5 - 1 - 3))
0
(-6 - -5 - -1) + -1
-1
Evaluate (-13 - -12) + 2 + (-2 - -1).
0
What is the value of (10 - 10) + -1 + 2?
1
Calculate (-6 - -2) + 9 + -4 + -1.
0
Calculate -11 - (1 + -5 + 23 + -25).
-5
Calculate 2 - ((-6 - -2) + 8).
-2
-1 - (-6 - (-22 - -9))
-8
Evaluate 0 - 3 - -4 - -1 - 6.
-4
What is the value of 4 + (-10 - (-1 + (-2 - 2)))?
-1
Calculate 3 + 0 + (11 - (10 + 5)).
-1
What is (6 - -3) + (5 - 11)?
3
10 + 1 - (-56 - -60)
7
What is the value of 1 - 1 - (2 + -5 + 4)?
-1
0 - ((5 - 5) + (1 - -2))
-3
What is 5 + (7 - (18 + -5))?
-1
Evaluate (0 - -9) + -3 + (2 - 9).
-1
(2 - 2) + -2 - 0
-2
Calculate -15 + (10 - (-2 - -1)).
-4
What is the value of -128 - -117 - (-22 + 0)?
11
What is the value of 4 + (2 - 3) + 1 + 1?
5
Evaluate (17 - 16) + (1 - 4) + -1.
-3
-9 + -5 + 13 + 7
6
-1 + -2 + -9 + 12
0
What is -4 + (6 - (3 - 3) - 3)?
-1
What is (-5 - (-4 + 1)) + -1?
-3
3 + 7 + 1 + -4
7
What is the value of -4 - (5 - 6 - -2)?
-5
What is 6 + (-16 - (-13 - -5))?
-2
Evaluate 11 - (5 + -14 + 7 + 7).
6
Evaluate 15 - 16 - (0 + 4).
-5
What is (-2 - (-2 - 2)) + 2 + 0?
4
What is 5 - 3 - (4 + 0)?
-2
1 - (9 + -9 + 4)
-3
Evaluate (3 - 12) + 9 + (4 - -1).
5
What is -5 - ((-3 - -3) + 0)?
-5
Calculate -7 - (1 - 7 - (-16 - -14)).
-3
Evaluate 3 - (-5 + 1 + 3 - -5).
-1
What is (-3 - -5) + 2 + -4?
0
-12 - -5 - (7 + -17)
3
0 + 4 + -2 + -6 + 4
0
What is the value of -8 + 12 + -13 + (1 - -1)?
-7
5 + 0 + (-30 - -13) - -7
-5
Evaluate 3 - (4 + 1) - -2.
0
What is the value of -7 - (2 + (8 - 9))?
-8
What is 7 - 2 - (2 + 1)?
2
What is -1 + 4 - (-7 - -32 - 12)?
-10
What is the value of (-10 - -15) + -4 + -7 + 1?
-5
What is 2 - ((-6 - -1) + 7)?
0
Evaluate 4 + -6 - (4 - 7).
1
What is -2 + 1 + -4 + 0?
-5
What is the value of 6 + (0 - (6 - -1))?
-1
Calculate 5 + (4 - 4) + -7.
-2
What is the value of -7 + (-4 + 3 - -4)?
-4
Calculate 0 - 10 - (-9 - (-1 - 4)).
-6
Evaluate 4 - (-8 - -8 - -4).
0
What is -3 - (2 + 3 + -7)?
-1
Calculate -4 - (2 + -2 + 5 + -4).
-5
Evaluate 2 + -3 - (6 + -2 + -3).
-2
Evaluate -1 - -2 - (-7 + 3).
5
Calculate (1 - (-1 + 14)) + (-21 - -26).
-7
-3 - (-5 - (-2 + 1))
1
What is the value of 2 - ((2 - 3) + 7)?
-4
-3 + (1 - 7 - -2)
-7
Calculate 5 - (5 - (-5 + -3 + 2)).
-6
What is 1 - 3 - (-28 - -30) - 5?
-9
3 - 4 - (-1 - (2 - 7))
-5
Evaluate (2 + -4 - -3) + -3.
-2
What is (3 - 10) + 2 + 7?
2
Calculate (5 - (1 + 4 + -4)) + 2.
6
Calculate 12 - 7 - (2 - 1).
4
-5 - (-3 - 1 - (47 + -36))
10
Calculate 0 + -2 - (-7 - -8 - -1).
-4
-7 - 0 - (-8 + -6 + 13)
-6
What is the value of -2 + 3 + -1 + -3 + 5?
2
What is the value of -5 + (1 - (3 - (10 + -4)))?
-1
What is the value of -5 + (1 + 5 + -3 - 1)?
-3
What is the value of 2 + (5 - 4) - -2 - 5?
0
Evaluate 2 + -3 + 0 + -1 + -1.
-3
Evaluate (-3 - -13) + 3 + -7.
6
Evaluate (-4 - -1) + 58 + -54.
1
What is the value of -4 - -3 - -3 - 5?
-3
What is -2 + (5 - 1) + -1?
1
Evaluate (6 - (-5 + 9 + 0)) + -3.
-1
Calculate 1 - ((-1 - -3) + (-6 - -2)).
3
What is the value of -5 + 3 + (-1 - -3 - 1)?
-1
What is (-10 - -15) + -14 + 2?
-7
Evaluate -10 + 16 - (-1 + 8).
-1
Evaluate 5 - 3 - -2 - (11 - 4).
-3
What is the value of 0 + -1 + 5 - (37 + -38)?
5
What is 15 + 5 + -10 + -2?
8
What is -1 + 31 + -8 - 13?
9
What is -4 - (-5 + -2) - 5 - -7?
5
What is the value of 0 - (10 + (-4 + 8 - 8))?
-6
What is the value of -10 - (7 + 3 - 28)?
8
Evaluate -8 - (36 + -36 + (1 - 3)).
-6
-4 + 1 + 5 + -1
1
What is the value of -2 + -1 + (10 - 10)?
-3
Evaluate 1 + -2 - (57 - 56).
-2
-3 + 2 + 3 + -6
-4
Calculate -13 - -2 - (0 + -18).
7
What is -8 - ((-7 - -1) + -8)?
6
What is the value of 2 + -8 + 36 + -20?
10
What is (0 + -1 - 5) + (2 - -1)?
-3
Evaluate -10 - (-2 + -3) - 1.
-6
Calculate -1 - (-1 + -5 + 4).
1
Evaluate 2 + -2 - (6 - (2 - 0)).
-4
What is the value of 0 - (-3 - (-4 - (-7 - -4)))?
2
What is 0 + (-4 + 0 - -7 - 2)?
1
Evaluate -3 - (-8 + (7 - 4) + 5).
-3
(-6 - -8) + -2 + 3
3
Evaluate 28 + -25 + (-5 - 1) + 9.
6
(-5 - -3 - (2 + 0)) + -3
-7
What is the value of -2 + 1 - (46 - 43)?
-4
What is the value of -12 - (-22 - (-12 + -1))?
-3
What is the value of 4 - (-1 + 2) - (7 - 2)?
-2
Evaluate -7 - ((-15 - 7) + 6).
9
What is the value of 2 + (3 - 9) - -5 - 6?
-5
What is the value of 1 - -5 - (-6 + 9)?
3
Calculate -2 - 12 - (-3 + -3).
-8
Calculate (-8 - 2) + 5 - -13 - 4.
4
What is -6 + -3 + 10 + (0 - 2)?
-1
Calculate (-3 - 0) + 48 + -43.
2
Evaluate 5 - (7 - 4 - -4).
-2
What is the value of 3 + -9 + 20 - 11?
3
Evaluate (8 - 6) + (-4 - (-2 + 3)).
-3
Evaluate -3 - -3 - 3 - (-21 + 26).
-8
Evaluate 10 - (-5 + -6 - -22).
-1
Evaluate -1 - -2 - (-28 + 26).
3
Calculate 3 + -2 + 1 + -3.
-1
Evaluate 20 + -13 - (-2 - 1 - -8).
2
(20 - 18) + 2 + -2
2
What is -8 - -5 - -4 - -2?
3
Calculate (1 - (1 + -3)) + -3 + -4.
-4
What is 5 + 0 + -46 + 39?
-2
Calculate (12 - (5 + -2)) + 20 + -26.
3
What is (-3 - -2) + 0 + 4?
3
Calculate 3 + (-5 - -3) - (3 + -8).
6
What is 7 + (-7 - (0 - -7 - -1))?
-8
10 + 3 + -10 - 12
-9
Calculate (1 - -1 - -13) + -5 + -5.
5
What is 3 + 0 - (2 - (1 - 0))?
2
What is the value of (7 - 7) + 1 + (0 - 4)?
-3
What is -22 + 11 + 18 - -2?
9
-197 + 188 - (-8 - 1)
0
8 + -4 + (-2 - -2) + -4
0
(4 - -1) + -1 + 2
6
Calculate (3 - 3 - 2) + (-5 - -12).
5
-5 - -3 - (0 + -10)
8
What is the value of 0 - -2 - (-11 + 8 + -1